{"id":67,"date":"2025-02-13T11:07:20","date_gmt":"2025-02-13T11:07:20","guid":{"rendered":"https:\/\/awesome-agnesi.217-154-6-15.plesk.page\/?page_id=67"},"modified":"2025-05-02T13:00:58","modified_gmt":"2025-05-02T13:00:58","slug":"boucherie","status":"publish","type":"page","link":"https:\/\/boucherie-millour.fr\/index.php\/boucherie\/","title":{"rendered":"BOUCHERIE"},"content":{"rendered":"\t\t<div data-elementor-type=\"wp-page\" data-elementor-id=\"67\" class=\"elementor elementor-67\">\n\t\t\t\t<div class=\"elementor-element elementor-element-a6d1b7c e-flex e-con-boxed e-con e-parent\" data-id=\"a6d1b7c\" data-element_type=\"container\">\n\t\t\t\t\t<div class=\"e-con-inner\">\n\t\t<div class=\"elementor-element elementor-element-1fed520 e-con-full e-flex e-con e-child\" data-id=\"1fed520\" data-element_type=\"container\">\n\t\t\t\t<div class=\"elementor-element elementor-element-a0e6dc0 e-n-tabs-mobile elementor-widget elementor-widget-n-tabs\" data-id=\"a0e6dc0\" data-element_type=\"widget\" data-settings=\"{&quot;tabs_justify_horizontal&quot;:&quot;center&quot;,&quot;horizontal_scroll&quot;:&quot;disable&quot;}\" data-widget_type=\"nested-tabs.default\">\n\t\t\t\t<div class=\"elementor-widget-container\">\n\t\t\t\t\t\t\t<div class=\"e-n-tabs\" data-widget-number=\"168717760\" aria-label=\"Onglets. Ouvrez des \u00e9l\u00e9ments avec Entrer ou Espace, fermez-les avec Echape et naviguez \u00e0 l&#039;aide des touches fl\u00e9ch\u00e9es.\">\n\t\t\t<div class=\"e-n-tabs-heading\" role=\"tablist\">\n\t\t\t\t\t<button id=\"e-n-tab-title-1687177601\" class=\"e-n-tab-title\" aria-selected=\"true\" data-tab-index=\"1\" role=\"tab\" tabindex=\"0\" aria-controls=\"e-n-tab-content-1687177601\" style=\"--n-tabs-title-order: 1;\">\n\t\t\t\t\t\t<span class=\"e-n-tab-title-text\">\n\t\t\t\tBoeuf\t\t\t<\/span>\n\t\t<\/button>\n\t\t\t\t<button id=\"e-n-tab-title-1687177602\" class=\"e-n-tab-title\" aria-selected=\"false\" data-tab-index=\"2\" role=\"tab\" tabindex=\"-1\" aria-controls=\"e-n-tab-content-1687177602\" style=\"--n-tabs-title-order: 2;\">\n\t\t\t\t\t\t<span class=\"e-n-tab-title-text\">\n\t\t\t\tVolaille\t\t\t<\/span>\n\t\t<\/button>\n\t\t\t\t<button id=\"e-n-tab-title-1687177603\" class=\"e-n-tab-title\" aria-selected=\"false\" data-tab-index=\"3\" role=\"tab\" tabindex=\"-1\" aria-controls=\"e-n-tab-content-1687177603\" style=\"--n-tabs-title-order: 3;\">\n\t\t\t\t\t\t<span class=\"e-n-tab-title-text\">\n\t\t\t\tAgneau\t\t\t<\/span>\n\t\t<\/button>\n\t\t\t\t<button id=\"e-n-tab-title-1687177604\" class=\"e-n-tab-title\" aria-selected=\"false\" data-tab-index=\"4\" role=\"tab\" tabindex=\"-1\" aria-controls=\"e-n-tab-content-1687177604\" style=\"--n-tabs-title-order: 4;\">\n\t\t\t\t\t\t<span class=\"e-n-tab-title-text\">\n\t\t\t\tPorc\t\t\t<\/span>\n\t\t<\/button>\n\t\t\t\t<button id=\"e-n-tab-title-1687177605\" class=\"e-n-tab-title\" aria-selected=\"false\" data-tab-index=\"5\" role=\"tab\" tabindex=\"-1\" aria-controls=\"e-n-tab-content-1687177605\" style=\"--n-tabs-title-order: 5;\">\n\t\t\t\t\t\t<span class=\"e-n-tab-title-text\">\n\t\t\t\tVeau\t\t\t<\/span>\n\t\t<\/button>\n\t\t\t\t\t<\/div>\n\t\t\t<div class=\"e-n-tabs-content\">\n\t\t\t\t<div id=\"e-n-tab-content-1687177601\" role=\"tabpanel\" aria-labelledby=\"e-n-tab-title-1687177601\" data-tab-index=\"1\" style=\"--n-tabs-title-order: 1;\" class=\"e-active elementor-element elementor-element-1af8505 e-con-full e-flex e-con e-child\" data-id=\"1af8505\" data-element_type=\"container\">\n\t\t\t\t<div class=\"elementor-element elementor-element-d47d938 elementor-widget elementor-widget-image\" data-id=\"d47d938\" data-element_type=\"widget\" data-widget_type=\"image.default\">\n\t\t\t\t<div class=\"elementor-widget-container\">\n\t\t\t\t\t\t\t\t\t\t\t\t\t\t\t<img fetchpriority=\"high\" decoding=\"async\" width=\"800\" height=\"701\" src=\"https:\/\/boucherie-millour.fr\/wp-content\/uploads\/2025\/04\/Animauxfin-11-1024x897.jpg\" class=\"attachment-large size-large wp-image-1249\" alt=\"\" srcset=\"https:\/\/boucherie-millour.fr\/wp-content\/uploads\/2025\/04\/Animauxfin-11-1024x897.jpg 1024w, https:\/\/boucherie-millour.fr\/wp-content\/uploads\/2025\/04\/Animauxfin-11-300x263.jpg 300w, https:\/\/boucherie-millour.fr\/wp-content\/uploads\/2025\/04\/Animauxfin-11-768x673.jpg 768w, https:\/\/boucherie-millour.fr\/wp-content\/uploads\/2025\/04\/Animauxfin-11-1536x1346.jpg 1536w, https:\/\/boucherie-millour.fr\/wp-content\/uploads\/2025\/04\/Animauxfin-11-2048x1794.jpg 2048w\" sizes=\"(max-width: 800px) 100vw, 800px\" \/>\t\t\t\t\t\t\t\t\t\t\t\t\t\t\t<\/div>\n\t\t\t\t<\/div>\n\t\t<div class=\"elementor-element elementor-element-3a96bf6 e-con-full e-flex e-con e-child\" data-id=\"3a96bf6\" data-element_type=\"container\" data-settings=\"{&quot;background_background&quot;:&quot;classic&quot;}\">\n\t\t\t\t<div class=\"elementor-element elementor-element-3f680a8 elementor-widget elementor-widget-text-editor\" data-id=\"3f680a8\" data-element_type=\"widget\" data-widget_type=\"text-editor.default\">\n\t\t\t\t<div class=\"elementor-widget-container\">\n\t\t\t\t\t\t\t\t\t<h3 class=\"\" data-start=\"458\" data-end=\"502\">Le b\u0153uf : le costaud au c\u0153ur tendre<\/h3><p class=\"\" data-start=\"503\" data-end=\"790\">C\u2019est le roi des c\u00f4tes, r\u00f4tis, des steaks juteux et des bourguignons mijot\u00e9s ! Le b\u0153uf, c\u2019est une viande rouge au go\u00fbt puissant, id\u00e9ale pour les grandes tabl\u00e9es comme pour les d\u00eeners en amoureux.<br data-start=\"691\" data-end=\"694\" \/><strong data-start=\"697\" data-end=\"712\">\u00c0 d\u00e9couvrir<\/strong> : entrec\u00f4te, bavette, paleron, faux-filet\u2026 chaque morceau a son petit secret.<\/p>\t\t\t\t\t\t\t\t<\/div>\n\t\t\t\t<\/div>\n\t\t\t\t<\/div>\n\t\t\t\t<\/div>\n\t\t<div id=\"e-n-tab-content-1687177602\" role=\"tabpanel\" aria-labelledby=\"e-n-tab-title-1687177602\" data-tab-index=\"2\" style=\"--n-tabs-title-order: 2;\" class=\" elementor-element elementor-element-926234e e-con-full e-flex e-con e-child\" data-id=\"926234e\" data-element_type=\"container\">\n\t\t<div class=\"elementor-element elementor-element-5d893a3 e-con-full e-flex e-con e-child\" data-id=\"5d893a3\" data-element_type=\"container\" data-settings=\"{&quot;background_background&quot;:&quot;classic&quot;}\">\n\t\t\t\t<div class=\"elementor-element elementor-element-f8131a9 elementor-widget elementor-widget-text-editor\" data-id=\"f8131a9\" data-element_type=\"widget\" data-widget_type=\"text-editor.default\">\n\t\t\t\t<div class=\"elementor-widget-container\">\n\t\t\t\t\t\t\t\t\t<h3 class=\"\" data-start=\"1100\" data-end=\"1138\"><strong data-start=\"1366\" data-end=\"1408\">La volaille : la star locale et l\u00e9g\u00e8re<\/strong><\/h3><p class=\"\" data-start=\"1139\" data-end=\"1409\">\u00c9lev\u00e9e chez nos producteurs partenaires, la volaille que nous s\u00e9lectionnons est 100 % locale. Tendre, savoureuse et pleine de fra\u00eecheur, elle fait rimer cuisine simple avec plaisir sain.<br data-start=\"1316\" data-end=\"1319\" \/><strong data-start=\"1603\" data-end=\"1617\">\u00c0 d\u00e9guster<\/strong> : poulet r\u00f4ti fermier, cuisse grill\u00e9e, blancs po\u00eal\u00e9s ou encore pintade aux champignons&#8230; Un r\u00e9gal du terroir !<\/p>\t\t\t\t\t\t\t\t<\/div>\n\t\t\t\t<\/div>\n\t\t\t\t<\/div>\n\t\t\t\t<div class=\"elementor-element elementor-element-bb0f131 elementor-widget elementor-widget-image\" data-id=\"bb0f131\" data-element_type=\"widget\" data-widget_type=\"image.default\">\n\t\t\t\t<div class=\"elementor-widget-container\">\n\t\t\t\t\t\t\t\t\t\t\t\t\t\t\t<img decoding=\"async\" width=\"800\" height=\"649\" src=\"https:\/\/boucherie-millour.fr\/wp-content\/uploads\/2025\/04\/Animauxfin-13-1024x831.jpg\" class=\"attachment-large size-large wp-image-1263\" alt=\"\" srcset=\"https:\/\/boucherie-millour.fr\/wp-content\/uploads\/2025\/04\/Animauxfin-13-1024x831.jpg 1024w, https:\/\/boucherie-millour.fr\/wp-content\/uploads\/2025\/04\/Animauxfin-13-300x243.jpg 300w, https:\/\/boucherie-millour.fr\/wp-content\/uploads\/2025\/04\/Animauxfin-13-768x623.jpg 768w, https:\/\/boucherie-millour.fr\/wp-content\/uploads\/2025\/04\/Animauxfin-13-1536x1246.jpg 1536w, https:\/\/boucherie-millour.fr\/wp-content\/uploads\/2025\/04\/Animauxfin-13-2048x1662.jpg 2048w\" sizes=\"(max-width: 800px) 100vw, 800px\" \/>\t\t\t\t\t\t\t\t\t\t\t\t\t\t\t<\/div>\n\t\t\t\t<\/div>\n\t\t\t\t<\/div>\n\t\t<div id=\"e-n-tab-content-1687177603\" role=\"tabpanel\" aria-labelledby=\"e-n-tab-title-1687177603\" data-tab-index=\"3\" style=\"--n-tabs-title-order: 3;\" class=\" elementor-element elementor-element-7e2a894 e-con-full e-flex e-con e-child\" data-id=\"7e2a894\" data-element_type=\"container\">\n\t\t\t\t<div class=\"elementor-element elementor-element-7d0c6ce elementor-widget elementor-widget-image\" data-id=\"7d0c6ce\" data-element_type=\"widget\" data-widget_type=\"image.default\">\n\t\t\t\t<div class=\"elementor-widget-container\">\n\t\t\t\t\t\t\t\t\t\t\t\t\t\t\t<img decoding=\"async\" width=\"800\" height=\"650\" src=\"https:\/\/boucherie-millour.fr\/wp-content\/uploads\/2025\/04\/Animauxfin-14-1024x832.jpg\" class=\"attachment-large size-large wp-image-1251\" alt=\"\" srcset=\"https:\/\/boucherie-millour.fr\/wp-content\/uploads\/2025\/04\/Animauxfin-14-1024x832.jpg 1024w, https:\/\/boucherie-millour.fr\/wp-content\/uploads\/2025\/04\/Animauxfin-14-300x244.jpg 300w, https:\/\/boucherie-millour.fr\/wp-content\/uploads\/2025\/04\/Animauxfin-14-768x624.jpg 768w, https:\/\/boucherie-millour.fr\/wp-content\/uploads\/2025\/04\/Animauxfin-14-1536x1248.jpg 1536w, https:\/\/boucherie-millour.fr\/wp-content\/uploads\/2025\/04\/Animauxfin-14-2048x1664.jpg 2048w\" sizes=\"(max-width: 800px) 100vw, 800px\" \/>\t\t\t\t\t\t\t\t\t\t\t\t\t\t\t<\/div>\n\t\t\t\t<\/div>\n\t\t<div class=\"elementor-element elementor-element-ae03d42 e-con-full e-flex e-con e-child\" data-id=\"ae03d42\" data-element_type=\"container\" data-settings=\"{&quot;background_background&quot;:&quot;classic&quot;}\">\n\t\t\t\t<div class=\"elementor-element elementor-element-2deeca6 elementor-widget elementor-widget-text-editor\" data-id=\"2deeca6\" data-element_type=\"widget\" data-widget_type=\"text-editor.default\">\n\t\t\t\t<div class=\"elementor-widget-container\">\n\t\t\t\t\t\t\t\t\t<h3 class=\"\" data-start=\"1100\" data-end=\"1138\">L\u2019agneau : le rebelle parfum\u00e9<\/h3><p class=\"\" data-start=\"1139\" data-end=\"1409\">Avec son go\u00fbt marqu\u00e9 et ses accents du littoral breton, l\u2019agneau met du soleil dans l\u2019assiette ! En gigot, en c\u00f4telettes ou en tajine, il se marie \u00e0 merveille avec les herbes et les \u00e9pices.<br data-start=\"1316\" data-end=\"1319\" \/><strong data-start=\"1322\" data-end=\"1340\">Notre chouchou<\/strong> : l\u2019\u00e9paule d\u2019agneau confite \u00e0 l\u2019ail et au romarin&#8230; un vrai po\u00e8me !<\/p>\t\t\t\t\t\t\t\t<\/div>\n\t\t\t\t<\/div>\n\t\t\t\t<\/div>\n\t\t\t\t<\/div>\n\t\t<div id=\"e-n-tab-content-1687177604\" role=\"tabpanel\" aria-labelledby=\"e-n-tab-title-1687177604\" data-tab-index=\"4\" style=\"--n-tabs-title-order: 4;\" class=\" elementor-element elementor-element-b355e94 e-flex e-con-boxed e-con e-child\" data-id=\"b355e94\" data-element_type=\"container\">\n\t\t\t\t\t<div class=\"e-con-inner\">\n\t\t<div class=\"elementor-element elementor-element-91630b3 e-con-full e-flex e-con e-child\" data-id=\"91630b3\" data-element_type=\"container\" data-settings=\"{&quot;background_background&quot;:&quot;classic&quot;}\">\n\t\t\t\t<div class=\"elementor-element elementor-element-db3b85a elementor-widget elementor-widget-text-editor\" data-id=\"db3b85a\" data-element_type=\"widget\" data-widget_type=\"text-editor.default\">\n\t\t\t\t<div class=\"elementor-widget-container\">\n\t\t\t\t\t\t\t\t\t<h3 class=\"\" data-start=\"1416\" data-end=\"1455\">Le porc : le cam\u00e9l\u00e9on gourmand<\/h3><p class=\"\" data-start=\"1456\" data-end=\"1708\">Charcuteries, r\u00f4tis, c\u00f4tes grill\u00e9es, saucisses ou saut\u00e9 minute\u2026 Le porc, c\u2019est la viande qui se pr\u00eate \u00e0 toutes vos envies ! Moelleux, savoureux et g\u00e9n\u00e9reux, il met tout le monde d\u2019accord.<br data-start=\"1643\" data-end=\"1646\" \/><strong data-start=\"1649\" data-end=\"1661\">\u00c0 tester<\/strong> : les ribs marin\u00e9s pour un barbecue de folie !<\/p>\t\t\t\t\t\t\t\t<\/div>\n\t\t\t\t<\/div>\n\t\t\t\t<\/div>\n\t\t\t\t<div class=\"elementor-element elementor-element-69676f7 elementor-widget elementor-widget-image\" data-id=\"69676f7\" data-element_type=\"widget\" data-widget_type=\"image.default\">\n\t\t\t\t<div class=\"elementor-widget-container\">\n\t\t\t\t\t\t\t\t\t\t\t\t\t\t\t<img loading=\"lazy\" decoding=\"async\" width=\"800\" height=\"585\" src=\"https:\/\/boucherie-millour.fr\/wp-content\/uploads\/2025\/04\/Animauxfin-12-1024x749.jpg\" class=\"attachment-large size-large wp-image-1250\" alt=\"\" srcset=\"https:\/\/boucherie-millour.fr\/wp-content\/uploads\/2025\/04\/Animauxfin-12-1024x749.jpg 1024w, https:\/\/boucherie-millour.fr\/wp-content\/uploads\/2025\/04\/Animauxfin-12-300x220.jpg 300w, https:\/\/boucherie-millour.fr\/wp-content\/uploads\/2025\/04\/Animauxfin-12-768x562.jpg 768w, https:\/\/boucherie-millour.fr\/wp-content\/uploads\/2025\/04\/Animauxfin-12-1536x1124.jpg 1536w, https:\/\/boucherie-millour.fr\/wp-content\/uploads\/2025\/04\/Animauxfin-12-2048x1499.jpg 2048w\" sizes=\"(max-width: 800px) 100vw, 800px\" \/>\t\t\t\t\t\t\t\t\t\t\t\t\t\t\t<\/div>\n\t\t\t\t<\/div>\n\t\t\t\t\t<\/div>\n\t\t\t\t<\/div>\n\t\t<div id=\"e-n-tab-content-1687177605\" role=\"tabpanel\" aria-labelledby=\"e-n-tab-title-1687177605\" data-tab-index=\"5\" style=\"--n-tabs-title-order: 5;\" class=\" elementor-element elementor-element-c4f7285 e-flex e-con-boxed e-con e-child\" data-id=\"c4f7285\" data-element_type=\"container\">\n\t\t\t\t\t<div class=\"e-con-inner\">\n\t\t\t\t<div class=\"elementor-element elementor-element-3568594 elementor-widget elementor-widget-image\" data-id=\"3568594\" data-element_type=\"widget\" data-widget_type=\"image.default\">\n\t\t\t\t<div class=\"elementor-widget-container\">\n\t\t\t\t\t\t\t\t\t\t\t\t\t\t\t<img loading=\"lazy\" decoding=\"async\" width=\"800\" height=\"571\" src=\"https:\/\/boucherie-millour.fr\/wp-content\/uploads\/2025\/04\/Animauxfin-15-1024x731.jpg\" class=\"attachment-large size-large wp-image-1252\" alt=\"\" srcset=\"https:\/\/boucherie-millour.fr\/wp-content\/uploads\/2025\/04\/Animauxfin-15-1024x731.jpg 1024w, https:\/\/boucherie-millour.fr\/wp-content\/uploads\/2025\/04\/Animauxfin-15-300x214.jpg 300w, https:\/\/boucherie-millour.fr\/wp-content\/uploads\/2025\/04\/Animauxfin-15-768x548.jpg 768w, https:\/\/boucherie-millour.fr\/wp-content\/uploads\/2025\/04\/Animauxfin-15-1536x1096.jpg 1536w, https:\/\/boucherie-millour.fr\/wp-content\/uploads\/2025\/04\/Animauxfin-15-2048x1462.jpg 2048w\" sizes=\"(max-width: 800px) 100vw, 800px\" \/>\t\t\t\t\t\t\t\t\t\t\t\t\t\t\t<\/div>\n\t\t\t\t<\/div>\n\t\t<div class=\"elementor-element elementor-element-9e9cd71 e-con-full e-flex e-con e-child\" data-id=\"9e9cd71\" data-element_type=\"container\" data-settings=\"{&quot;background_background&quot;:&quot;classic&quot;}\">\n\t\t\t\t<div class=\"elementor-element elementor-element-207b9d6 elementor-widget elementor-widget-text-editor\" data-id=\"207b9d6\" data-element_type=\"widget\" data-widget_type=\"text-editor.default\">\n\t\t\t\t<div class=\"elementor-widget-container\">\n\t\t\t\t\t\t\t\t\t<h3 class=\"\" data-start=\"797\" data-end=\"837\">Le veau : le tendre de la bande<\/h3><p class=\"\" data-start=\"838\" data-end=\"1093\">Tout doux, tout fondant, le veau est la viande id\u00e9ale pour ceux qui aiment les saveurs d\u00e9licates. Peu gras, mais riche en go\u00fbt, il se cuisine \u00e0 la cr\u00e8me, en escalope ou en blanquette.<br data-start=\"1021\" data-end=\"1024\" \/><strong data-start=\"1028\" data-end=\"1039\">Un must<\/strong> : la fameuse blanquette de veau, un vrai plat doudou.<\/p>\t\t\t\t\t\t\t\t<\/div>\n\t\t\t\t<\/div>\n\t\t\t\t<\/div>\n\t\t\t\t\t<\/div>\n\t\t\t\t<\/div>\n\t\t\t\t\t<\/div>\n\t\t<\/div>\n\t\t\t\t\t\t<\/div>\n\t\t\t\t<\/div>\n\t\t\t\t<\/div>\n\t\t<div class=\"elementor-element elementor-element-8b8ac47 e-con-full e-flex e-con e-child\" data-id=\"8b8ac47\" data-element_type=\"container\" data-settings=\"{&quot;background_background&quot;:&quot;classic&quot;}\">\n\t\t<div class=\"elementor-element elementor-element-1b0f2c2 e-con-full e-flex e-con e-child\" data-id=\"1b0f2c2\" data-element_type=\"container\" data-settings=\"{&quot;background_background&quot;:&quot;classic&quot;}\">\n\t\t\t\t<div class=\"elementor-element elementor-element-4d89770 elementor-widget elementor-widget-heading\" data-id=\"4d89770\" data-element_type=\"widget\" data-widget_type=\"heading.default\">\n\t\t\t\t<div class=\"elementor-widget-container\">\n\t\t\t\t\t<h2 class=\"elementor-heading-title elementor-size-default\">\u00c0 travers ces choix exigeants, St\u00e9phane Millour d\u00e9fend une boucherie artisanale engag\u00e9e, o\u00f9 chaque morceau raconte une histoire et sublime le savoir-faire des \u00e9leveurs et artisans.<\/h2>\t\t\t\t<\/div>\n\t\t\t\t<\/div>\n\t\t\t\t<\/div>\n\t\t\t\t<\/div>\n\t\t<div class=\"elementor-element elementor-element-d510d16 e-con-full e-flex e-con e-child\" data-id=\"d510d16\" data-element_type=\"container\">\n\t\t<div class=\"elementor-element elementor-element-aba30e0 e-con-full e-flex e-con e-child\" data-id=\"aba30e0\" data-element_type=\"container\" data-settings=\"{&quot;background_background&quot;:&quot;classic&quot;}\">\n\t\t\t\t<div class=\"elementor-element elementor-element-5f0a70a elementor-widget elementor-widget-text-editor\" data-id=\"5f0a70a\" data-element_type=\"widget\" data-widget_type=\"text-editor.default\">\n\t\t\t\t<div class=\"elementor-widget-container\">\n\t\t\t\t\t\t\t\t\t<p>St\u00e9phane Millour met un point d\u2019honneur \u00e0 proposer \u00e0 ses clients des viandes d\u2019exception, s\u00e9lectionn\u00e9es avec rigueur aupr\u00e8s d\u2019\u00e9leveurs locaux engag\u00e9s dans une production responsable et respectueuse du bien-\u00eatre animal. B\u0153uf, veau, agneau, volaille\u2026 Chaque pi\u00e8ce est travaill\u00e9e avec passion par nos artisans bouchers, garants d\u2019un savoir-faire transmis de g\u00e9n\u00e9ration en g\u00e9n\u00e9ration.<span class=\"Apple-converted-space\">\u00a0<\/span><\/p><p>Leur engagement ?<span class=\"Apple-converted-space\">\u00a0<\/span><\/p><p>Offrir une viande tendre et savoureuse, d\u00e9coup\u00e9e avec soin pour sublimer toutes vos recettes. Que vous recherchiez un morceau \u00e0 griller, \u00e0 mijoter ou \u00e0 r\u00f4tir, La Boucherie Millour est votre \u00e9coute pour vous conseiller et vous accompagner dans vos choix.<span class=\"Apple-converted-space\">\u00a0<\/span><\/p>\t\t\t\t\t\t\t\t<\/div>\n\t\t\t\t<\/div>\n\t\t\t\t<\/div>\n\t\t\t\t<div class=\"elementor-element elementor-element-ac0d1fc elementor-widget__width-initial elementor-widget-mobile__width-initial elementor-widget elementor-widget-image\" data-id=\"ac0d1fc\" data-element_type=\"widget\" data-widget_type=\"image.default\">\n\t\t\t\t<div class=\"elementor-widget-container\">\n\t\t\t\t\t\t\t\t\t\t\t\t\t\t\t<img loading=\"lazy\" decoding=\"async\" width=\"1200\" height=\"976\" src=\"https:\/\/boucherie-millour.fr\/wp-content\/uploads\/2025\/04\/4141124710390310585-2.jpg\" class=\"attachment-full size-full wp-image-1603\" alt=\"\" srcset=\"https:\/\/boucherie-millour.fr\/wp-content\/uploads\/2025\/04\/4141124710390310585-2.jpg 1200w, https:\/\/boucherie-millour.fr\/wp-content\/uploads\/2025\/04\/4141124710390310585-2-300x244.jpg 300w, https:\/\/boucherie-millour.fr\/wp-content\/uploads\/2025\/04\/4141124710390310585-2-1024x833.jpg 1024w, https:\/\/boucherie-millour.fr\/wp-content\/uploads\/2025\/04\/4141124710390310585-2-768x625.jpg 768w\" sizes=\"(max-width: 1200px) 100vw, 1200px\" \/>\t\t\t\t\t\t\t\t\t\t\t\t\t\t\t<\/div>\n\t\t\t\t<\/div>\n\t\t\t\t<\/div>\n\t\t<div class=\"elementor-element elementor-element-a87046f e-con-full e-flex e-con e-child\" data-id=\"a87046f\" data-element_type=\"container\">\n\t\t\t\t<div class=\"elementor-element elementor-element-b83a0a5 elementor-widget__width-initial elementor-widget-mobile__width-initial elementor-widget elementor-widget-image\" data-id=\"b83a0a5\" data-element_type=\"widget\" data-widget_type=\"image.default\">\n\t\t\t\t<div class=\"elementor-widget-container\">\n\t\t\t\t\t\t\t\t\t\t\t\t\t\t\t<img loading=\"lazy\" decoding=\"async\" width=\"1280\" height=\"854\" src=\"https:\/\/boucherie-millour.fr\/wp-content\/uploads\/2025\/02\/AdobeStock_382316126-Grande.jpeg\" class=\"attachment-full size-full wp-image-848\" alt=\"\" srcset=\"https:\/\/boucherie-millour.fr\/wp-content\/uploads\/2025\/02\/AdobeStock_382316126-Grande.jpeg 1280w, https:\/\/boucherie-millour.fr\/wp-content\/uploads\/2025\/02\/AdobeStock_382316126-Grande-300x200.jpeg 300w, https:\/\/boucherie-millour.fr\/wp-content\/uploads\/2025\/02\/AdobeStock_382316126-Grande-1024x683.jpeg 1024w, https:\/\/boucherie-millour.fr\/wp-content\/uploads\/2025\/02\/AdobeStock_382316126-Grande-768x512.jpeg 768w\" sizes=\"(max-width: 1280px) 100vw, 1280px\" \/>\t\t\t\t\t\t\t\t\t\t\t\t\t\t\t<\/div>\n\t\t\t\t<\/div>\n\t\t<div class=\"elementor-element elementor-element-21cffb5 e-con-full e-flex e-con e-child\" data-id=\"21cffb5\" data-element_type=\"container\" data-settings=\"{&quot;background_background&quot;:&quot;classic&quot;}\">\n\t\t\t\t<div class=\"elementor-element elementor-element-63d79e8 elementor-widget elementor-widget-text-editor\" data-id=\"63d79e8\" data-element_type=\"widget\" data-widget_type=\"text-editor.default\">\n\t\t\t\t<div class=\"elementor-widget-container\">\n\t\t\t\t\t\t\t\t\t<p>St\u00e9phane Millour,<strong> MOF Boucherie-\u00c9tal :<\/strong> Une vision artisanale et responsable<\/p><p><strong>Un engagement fort pour la qualit\u00e9 et l\u2019\u00e9thique.<\/strong> En tant qu\u2019artisan boucher, St\u00e9phane Millour d\u00e9fend une approche du m\u00e9tier fond\u00e9e sur la qualit\u00e9, le respect des traditions et la valorisation du travail des \u00e9leveurs. Chaque viande propos\u00e9e en boutique est le fruit d\u2019une s\u00e9lection rigoureuse<\/p><p><strong>La maturation : l\u2019art de sublimer la viande. <\/strong>Afin de garantir une viande tendre et riche en ar\u00f4mes, St\u00e9phane Millour mature ses pi\u00e8ces plusieurs semaines. Cette technique permet d\u2019affiner les saveurs et d\u2019offrir des produits d\u2019exception \u00e0 ses clients, en accord avec le travail des \u00e9leveurs et les exigences de la fili\u00e8re.<\/p>\t\t\t\t\t\t\t\t<\/div>\n\t\t\t\t<\/div>\n\t\t\t\t<\/div>\n\t\t\t\t<\/div>\n\t\t<div class=\"elementor-element elementor-element-24a4a9d e-con-full e-flex e-con e-child\" data-id=\"24a4a9d\" data-element_type=\"container\">\n\t\t<div class=\"elementor-element elementor-element-12e1271 e-con-full e-flex e-con e-child\" data-id=\"12e1271\" data-element_type=\"container\" data-settings=\"{&quot;background_background&quot;:&quot;classic&quot;}\">\n\t\t\t\t<div class=\"elementor-element elementor-element-1e624d1 elementor-widget elementor-widget-text-editor\" data-id=\"1e624d1\" data-element_type=\"widget\" data-widget_type=\"text-editor.default\">\n\t\t\t\t<div class=\"elementor-widget-container\">\n\t\t\t\t\t\t\t\t\t<p>St\u00e9phane Millour met un point d\u2019honneur \u00e0 proposer \u00e0 ses clients des <strong>viandes d\u2019exception<\/strong>, s\u00e9lectionn\u00e9es avec rigueur aupr\u00e8s d\u2019\u00e9leveurs locaux engag\u00e9s dans une production <strong>responsable et respectueuse<\/strong> du bien-\u00eatre animal. Boeuf, veau, agneau, volaille\u2026 Chaque pi\u00e8ce est travaill\u00e9e avec passion par nos artisans bouchers, garants d\u2019un savoir-faire transmis de g\u00e9n\u00e9ration en g\u00e9n\u00e9ration.<span class=\"Apple-converted-space\">\u00a0<\/span><\/p><p><strong>Leur engagement ?<span class=\"Apple-converted-space\">\u00a0<\/span><\/strong><\/p><p>Offrir une viande tendre et savoureuse, d\u00e9coup\u00e9e avec soin pour sublimer toutes vos recettes. Que vous recherchiez un morceau \u00e0 griller, \u00e0 mijoter ou \u00e0 r\u00f4tir, La Boucherie Millour est votre \u00e9coute pour vous conseiller et vous accompagner dans vos choix.<span class=\"Apple-converted-space\">\u00a0<\/span><\/p>\t\t\t\t\t\t\t\t<\/div>\n\t\t\t\t<\/div>\n\t\t\t\t<\/div>\n\t\t\t\t<div class=\"elementor-element elementor-element-a52e982 elementor-widget__width-initial elementor-widget-mobile__width-initial elementor-widget elementor-widget-image\" data-id=\"a52e982\" data-element_type=\"widget\" data-widget_type=\"image.default\">\n\t\t\t\t<div class=\"elementor-widget-container\">\n\t\t\t\t\t\t\t\t\t\t\t\t\t\t\t<img loading=\"lazy\" decoding=\"async\" width=\"1517\" height=\"1599\" src=\"https:\/\/boucherie-millour.fr\/wp-content\/uploads\/2025\/04\/2444011595713788180-2.jpg\" class=\"attachment-full size-full wp-image-1526\" alt=\"\" srcset=\"https:\/\/boucherie-millour.fr\/wp-content\/uploads\/2025\/04\/2444011595713788180-2.jpg 1517w, https:\/\/boucherie-millour.fr\/wp-content\/uploads\/2025\/04\/2444011595713788180-2-285x300.jpg 285w, https:\/\/boucherie-millour.fr\/wp-content\/uploads\/2025\/04\/2444011595713788180-2-971x1024.jpg 971w, https:\/\/boucherie-millour.fr\/wp-content\/uploads\/2025\/04\/2444011595713788180-2-768x810.jpg 768w, https:\/\/boucherie-millour.fr\/wp-content\/uploads\/2025\/04\/2444011595713788180-2-1457x1536.jpg 1457w\" sizes=\"(max-width: 1517px) 100vw, 1517px\" \/>\t\t\t\t\t\t\t\t\t\t\t\t\t\t\t<\/div>\n\t\t\t\t<\/div>\n\t\t\t\t<\/div>\n\t\t\t\t\t<\/div>\n\t\t\t\t<\/div>\n\t\t\t\t<\/div>\n\t\t","protected":false},"excerpt":{"rendered":"<p>Boeuf Volaille Agneau Porc Veau Le b\u0153uf : le costaud au c\u0153ur tendre C\u2019est le roi des c\u00f4tes, r\u00f4tis, des steaks juteux et des bourguignons mijot\u00e9s ! Le b\u0153uf, c\u2019est une viande rouge au go\u00fbt puissant, id\u00e9ale pour les grandes tabl\u00e9es comme pour les d\u00eeners en amoureux.\u00c0 d\u00e9couvrir : entrec\u00f4te, bavette, paleron, faux-filet\u2026 chaque morceau [&hellip;]<\/p>\n","protected":false},"author":1,"featured_media":0,"parent":0,"menu_order":0,"comment_status":"closed","ping_status":"closed","template":"","meta":{"footnotes":""},"class_list":["post-67","page","type-page","status-publish","hentry"],"_links":{"self":[{"href":"https:\/\/boucherie-millour.fr\/index.php\/wp-json\/wp\/v2\/pages\/67","targetHints":{"allow":["GET"]}}],"collection":[{"href":"https:\/\/boucherie-millour.fr\/index.php\/wp-json\/wp\/v2\/pages"}],"about":[{"href":"https:\/\/boucherie-millour.fr\/index.php\/wp-json\/wp\/v2\/types\/page"}],"author":[{"embeddable":true,"href":"https:\/\/boucherie-millour.fr\/index.php\/wp-json\/wp\/v2\/users\/1"}],"replies":[{"embeddable":true,"href":"https:\/\/boucherie-millour.fr\/index.php\/wp-json\/wp\/v2\/comments?post=67"}],"version-history":[{"count":96,"href":"https:\/\/boucherie-millour.fr\/index.php\/wp-json\/wp\/v2\/pages\/67\/revisions"}],"predecessor-version":[{"id":1636,"href":"https:\/\/boucherie-millour.fr\/index.php\/wp-json\/wp\/v2\/pages\/67\/revisions\/1636"}],"wp:attachment":[{"href":"https:\/\/boucherie-millour.fr\/index.php\/wp-json\/wp\/v2\/media?parent=67"}],"curies":[{"name":"wp","href":"https:\/\/api.w.org\/{rel}","templated":true}]}}