{"id":62,"date":"2025-02-13T11:07:03","date_gmt":"2025-02-13T11:07:03","guid":{"rendered":"https:\/\/awesome-agnesi.217-154-6-15.plesk.page\/?page_id=62"},"modified":"2025-04-28T13:22:28","modified_gmt":"2025-04-28T13:22:28","slug":"elementor-62","status":"publish","type":"page","link":"https:\/\/boucherie-millour.fr\/index.php\/elementor-62\/","title":{"rendered":"CHARCUTERIE"},"content":{"rendered":"\t\t<div data-elementor-type=\"wp-post\" data-elementor-id=\"62\" class=\"elementor elementor-62\">\n\t\t\t\t<div class=\"elementor-element elementor-element-d5f3cc5 e-flex e-con-boxed e-con e-parent\" data-id=\"d5f3cc5\" data-element_type=\"container\">\n\t\t\t\t\t<div class=\"e-con-inner\">\n\t\t<div class=\"elementor-element elementor-element-eee5cb1 e-con-full e-flex e-con e-child\" data-id=\"eee5cb1\" data-element_type=\"container\">\n\t\t<div class=\"elementor-element elementor-element-5892753 e-con-full e-flex e-con e-child\" data-id=\"5892753\" data-element_type=\"container\" data-settings=\"{&quot;background_background&quot;:&quot;classic&quot;}\">\n\t\t\t\t<div class=\"elementor-element elementor-element-fd51acd elementor-widget elementor-widget-text-editor\" data-id=\"fd51acd\" data-element_type=\"widget\" data-widget_type=\"text-editor.default\">\n\t\t\t\t<div class=\"elementor-widget-container\">\n\t\t\t\t\t\t\t\t\t<p><strong>Charcuterie artisanale : saveurs et traditions<\/strong><\/p><p>La Boucherie Millour, vous propose une s\u00e9lection de <strong>charcuteries fran\u00e7aises<\/strong> qui allient authenticit\u00e9, finesse et saveur. Nous accordons une attention particuli\u00e8re \u00e0 l\u2019origine de nos produits, privil\u00e9giant la qualit\u00e9 et le savoir-faire artisanal.<\/p><p>Parmi leurs sp\u00e9cialit\u00e9s, vous retrouverez un large choix de jambons, saucisses, p\u00e2t\u00e9s, rillettes et bien d\u2019autres d\u00e9lices. Certaines de nos recettes phares sont pr\u00e9par\u00e9es directement dans notre atelier pour vous garantir un go\u00fbt unique et inimitable.<\/p>\t\t\t\t\t\t\t\t<\/div>\n\t\t\t\t<\/div>\n\t\t\t\t<\/div>\n\t\t\t\t<div class=\"elementor-element elementor-element-fec4991 elementor-widget__width-initial elementor-widget-mobile__width-initial elementor-widget elementor-widget-image\" data-id=\"fec4991\" data-element_type=\"widget\" data-widget_type=\"image.default\">\n\t\t\t\t<div class=\"elementor-widget-container\">\n\t\t\t\t\t\t\t\t\t\t\t\t\t\t\t<img fetchpriority=\"high\" decoding=\"async\" width=\"1200\" height=\"950\" src=\"https:\/\/boucherie-millour.fr\/wp-content\/uploads\/2025\/04\/4996947713571974518-2.jpg\" class=\"attachment-full size-full wp-image-1304\" alt=\"\" srcset=\"https:\/\/boucherie-millour.fr\/wp-content\/uploads\/2025\/04\/4996947713571974518-2.jpg 1200w, https:\/\/boucherie-millour.fr\/wp-content\/uploads\/2025\/04\/4996947713571974518-2-300x238.jpg 300w, https:\/\/boucherie-millour.fr\/wp-content\/uploads\/2025\/04\/4996947713571974518-2-1024x811.jpg 1024w, https:\/\/boucherie-millour.fr\/wp-content\/uploads\/2025\/04\/4996947713571974518-2-768x608.jpg 768w\" sizes=\"(max-width: 1200px) 100vw, 1200px\" \/>\t\t\t\t\t\t\t\t\t\t\t\t\t\t\t<\/div>\n\t\t\t\t<\/div>\n\t\t\t\t<\/div>\n\t\t\t\t\t<\/div>\n\t\t\t\t<\/div>\n\t\t<div class=\"elementor-element elementor-element-f31e82c e-flex e-con-boxed e-con e-parent\" data-id=\"f31e82c\" data-element_type=\"container\">\n\t\t\t\t\t<div class=\"e-con-inner\">\n\t\t<div class=\"elementor-element elementor-element-d7ed343 e-con-full e-flex e-con e-child\" data-id=\"d7ed343\" data-element_type=\"container\" data-settings=\"{&quot;background_background&quot;:&quot;classic&quot;}\">\n\t\t<div class=\"elementor-element elementor-element-2de8ccb e-con-full e-flex e-con e-child\" data-id=\"2de8ccb\" data-element_type=\"container\" data-settings=\"{&quot;background_background&quot;:&quot;classic&quot;}\">\n\t\t\t\t<div class=\"elementor-element elementor-element-efdf5e9 elementor-widget elementor-widget-heading\" data-id=\"efdf5e9\" data-element_type=\"widget\" data-widget_type=\"heading.default\">\n\t\t\t\t<div class=\"elementor-widget-container\">\n\t\t\t\t\t<h2 class=\"elementor-heading-title elementor-size-default\">Besoin de conseils ? Notre \u00e9quipe est \u00e0 votre service pour vous orienter vers la charcuterie id\u00e9ale, que ce soit pour un ap\u00e9ritif gourmand, un repas convivial ou la r\u00e9alisation d\u2019une recette sp\u00e9cifique.<\/h2>\t\t\t\t<\/div>\n\t\t\t\t<\/div>\n\t\t\t\t<\/div>\n\t\t\t\t<\/div>\n\t\t\t\t\t<\/div>\n\t\t\t\t<\/div>\n\t\t<div class=\"elementor-element elementor-element-c2ea2d2 e-flex e-con-boxed e-con e-parent\" data-id=\"c2ea2d2\" data-element_type=\"container\">\n\t\t\t\t\t<div class=\"e-con-inner\">\n\t\t<div class=\"elementor-element elementor-element-04d29af e-con-full e-flex e-con e-child\" data-id=\"04d29af\" data-element_type=\"container\">\n\t\t\t\t<div class=\"elementor-element elementor-element-5eadc3f elementor-widget__width-initial elementor-widget-mobile__width-initial elementor-widget elementor-widget-image\" data-id=\"5eadc3f\" data-element_type=\"widget\" data-widget_type=\"image.default\">\n\t\t\t\t<div class=\"elementor-widget-container\">\n\t\t\t\t\t\t\t\t\t\t\t\t\t\t\t<img decoding=\"async\" width=\"1500\" height=\"1230\" src=\"https:\/\/boucherie-millour.fr\/wp-content\/uploads\/2025\/04\/Pate-croute-champignons-Olivier-1.jpg\" class=\"attachment-full size-full wp-image-1071\" alt=\"\" srcset=\"https:\/\/boucherie-millour.fr\/wp-content\/uploads\/2025\/04\/Pate-croute-champignons-Olivier-1.jpg 1500w, https:\/\/boucherie-millour.fr\/wp-content\/uploads\/2025\/04\/Pate-croute-champignons-Olivier-1-300x246.jpg 300w, https:\/\/boucherie-millour.fr\/wp-content\/uploads\/2025\/04\/Pate-croute-champignons-Olivier-1-1024x840.jpg 1024w, https:\/\/boucherie-millour.fr\/wp-content\/uploads\/2025\/04\/Pate-croute-champignons-Olivier-1-768x630.jpg 768w\" sizes=\"(max-width: 1500px) 100vw, 1500px\" \/>\t\t\t\t\t\t\t\t\t\t\t\t\t\t\t<\/div>\n\t\t\t\t<\/div>\n\t\t<div class=\"elementor-element elementor-element-e53843a e-con-full e-flex e-con e-child\" data-id=\"e53843a\" data-element_type=\"container\" data-settings=\"{&quot;background_background&quot;:&quot;classic&quot;}\">\n\t\t\t\t<div class=\"elementor-element elementor-element-5cc1fe9 elementor-widget elementor-widget-text-editor\" data-id=\"5cc1fe9\" data-element_type=\"widget\" data-widget_type=\"text-editor.default\">\n\t\t\t\t<div class=\"elementor-widget-container\">\n\t\t\t\t\t\t\t\t\t<p class=\"\" data-start=\"198\" data-end=\"476\">Sp\u00e9cialit\u00e9 embl\u00e9matique de la charcuterie fran\u00e7aise, <strong>le p\u00e2t\u00e9 en cro\u00fbte<\/strong> incarne \u00e0 lui seul l\u2019alliance du savoir-faire artisanal et de la gastronomie. \u00c9labor\u00e9 avec soin, il se compose d\u2019une farce g\u00e9n\u00e9reuse, subtilement assaisonn\u00e9e, envelopp\u00e9e dans une p\u00e2te dor\u00e9e et croustillante.<\/p><p class=\"\" data-start=\"478\" data-end=\"813\">Au sein de la Boucherie Millour, nous attachons une importance particuli\u00e8re \u00e0 la <strong>qualit\u00e9 des viandes s\u00e9lectionn\u00e9es<\/strong>, \u00e0 la justesse des assaisonnements, et au respect des temps de cuisson. Chaque p\u00e2t\u00e9 en cro\u00fbte est r\u00e9alis\u00e9 \u00e0 la main, selon des recettes traditionnelles ou revisit\u00e9es, en fonction de la saison et de l\u2019inspiration de notre \u00e9quipe.<\/p><p class=\"\" data-start=\"1087\" data-end=\"1286\">Disponible \u00e0 la coupe ou en format individuel, notre p\u00e2t\u00e9 en cro\u00fbte est une invitation \u00e0 red\u00e9couvrir les classiques de la charcuterie fran\u00e7aise, dans ce qu\u2019ils ont de plus noble et de plus savoureux.<\/p>\t\t\t\t\t\t\t\t<\/div>\n\t\t\t\t<\/div>\n\t\t\t\t<\/div>\n\t\t\t\t<\/div>\n\t\t\t\t\t<\/div>\n\t\t\t\t<\/div>\n\t\t\t\t<\/div>\n\t\t","protected":false},"excerpt":{"rendered":"<p>Charcuterie artisanale : saveurs et traditions La Boucherie Millour, vous propose une s\u00e9lection de charcuteries fran\u00e7aises qui allient authenticit\u00e9, finesse et saveur. Nous accordons une attention particuli\u00e8re \u00e0 l\u2019origine de nos produits, privil\u00e9giant la qualit\u00e9 et le savoir-faire artisanal. Parmi leurs sp\u00e9cialit\u00e9s, vous retrouverez un large choix de jambons, saucisses, p\u00e2t\u00e9s, rillettes et bien d\u2019autres [&hellip;]<\/p>\n","protected":false},"author":1,"featured_media":0,"parent":0,"menu_order":0,"comment_status":"closed","ping_status":"closed","template":"","meta":{"footnotes":""},"class_list":["post-62","page","type-page","status-publish","hentry"],"_links":{"self":[{"href":"https:\/\/boucherie-millour.fr\/index.php\/wp-json\/wp\/v2\/pages\/62","targetHints":{"allow":["GET"]}}],"collection":[{"href":"https:\/\/boucherie-millour.fr\/index.php\/wp-json\/wp\/v2\/pages"}],"about":[{"href":"https:\/\/boucherie-millour.fr\/index.php\/wp-json\/wp\/v2\/types\/page"}],"author":[{"embeddable":true,"href":"https:\/\/boucherie-millour.fr\/index.php\/wp-json\/wp\/v2\/users\/1"}],"replies":[{"embeddable":true,"href":"https:\/\/boucherie-millour.fr\/index.php\/wp-json\/wp\/v2\/comments?post=62"}],"version-history":[{"count":45,"href":"https:\/\/boucherie-millour.fr\/index.php\/wp-json\/wp\/v2\/pages\/62\/revisions"}],"predecessor-version":[{"id":1457,"href":"https:\/\/boucherie-millour.fr\/index.php\/wp-json\/wp\/v2\/pages\/62\/revisions\/1457"}],"wp:attachment":[{"href":"https:\/\/boucherie-millour.fr\/index.php\/wp-json\/wp\/v2\/media?parent=62"}],"curies":[{"name":"wp","href":"https:\/\/api.w.org\/{rel}","templated":true}]}}